{"id":1139,"date":"2023-03-07T17:18:25","date_gmt":"2023-03-07T16:18:25","guid":{"rendered":"http:\/\/tonitugues.com\/?page_id=1139"},"modified":"2023-03-07T17:20:58","modified_gmt":"2023-03-07T16:20:58","slug":"urbex","status":"publish","type":"page","link":"http:\/\/tonitugues.com\/?page_id=1139","title":{"rendered":"urbex"},"content":{"rendered":"<script>fsg_json['fsg_post_1139'] = [\n{id: 302, image: 'http:\/\/tonitugues.com\/wp-content\/uploads\/2015\/09\/toni_tugues_urbex_11.jpg', extlink: '', thumb: 'http:\/\/tonitugues.com\/wp-content\/uploads\/2015\/09\/toni_tugues_urbex_11-150x150.jpg', permalink: ''},\n{id: 295, image: 'http:\/\/tonitugues.com\/wp-content\/uploads\/2015\/09\/toni_tugues_urbex_04.jpg', extlink: '', thumb: 'http:\/\/tonitugues.com\/wp-content\/uploads\/2015\/09\/toni_tugues_urbex_04-150x150.jpg', permalink: ''},\n{id: 297, image: 'http:\/\/tonitugues.com\/wp-content\/uploads\/2015\/09\/toni_tugues_urbex_06.jpg', extlink: '', thumb: 'http:\/\/tonitugues.com\/wp-content\/uploads\/2015\/09\/toni_tugues_urbex_06-150x150.jpg', permalink: ''},\n{id: 300, image: 'http:\/\/tonitugues.com\/wp-content\/uploads\/2015\/09\/toni_tugues_urbex_09.jpg', extlink: '', thumb: 'http:\/\/tonitugues.com\/wp-content\/uploads\/2015\/09\/toni_tugues_urbex_09-150x150.jpg', permalink: ''},\n{id: 306, image: 'http:\/\/tonitugues.com\/wp-content\/uploads\/2015\/09\/toni_tugues_urbex_15.jpg', extlink: '', thumb: 'http:\/\/tonitugues.com\/wp-content\/uploads\/2015\/09\/toni_tugues_urbex_15-150x150.jpg', permalink: ''},\n{id: 293, image: 'http:\/\/tonitugues.com\/wp-content\/uploads\/2015\/09\/toni_tugues_urbex_02.jpg', extlink: '', thumb: 'http:\/\/tonitugues.com\/wp-content\/uploads\/2015\/09\/toni_tugues_urbex_02-150x150.jpg', permalink: ''},\n{id: 301, image: 'http:\/\/tonitugues.com\/wp-content\/uploads\/2015\/09\/toni_tugues_urbex_10.jpg', extlink: '', thumb: 'http:\/\/tonitugues.com\/wp-content\/uploads\/2015\/09\/toni_tugues_urbex_10-150x150.jpg', permalink: ''},\n{id: 308, image: 'http:\/\/tonitugues.com\/wp-content\/uploads\/2015\/09\/toni_tugues_urbex_17.jpg', extlink: '', thumb: 'http:\/\/tonitugues.com\/wp-content\/uploads\/2015\/09\/toni_tugues_urbex_17-150x150.jpg', permalink: ''},\n{id: 298, image: 'http:\/\/tonitugues.com\/wp-content\/uploads\/2015\/09\/toni_tugues_urbex_07.jpg', extlink: '', thumb: 'http:\/\/tonitugues.com\/wp-content\/uploads\/2015\/09\/toni_tugues_urbex_07-150x150.jpg', permalink: ''},\n{id: 292, image: 'http:\/\/tonitugues.com\/wp-content\/uploads\/2015\/09\/toni_tugues_urbex_01.jpg', extlink: '', thumb: 'http:\/\/tonitugues.com\/wp-content\/uploads\/2015\/09\/toni_tugues_urbex_01-150x150.jpg', permalink: ''},\n{id: 296, image: 'http:\/\/tonitugues.com\/wp-content\/uploads\/2015\/09\/toni_tugues_urbex_05.jpg', extlink: '', thumb: 'http:\/\/tonitugues.com\/wp-content\/uploads\/2015\/09\/toni_tugues_urbex_05-150x150.jpg', permalink: ''},\n{id: 303, image: 'http:\/\/tonitugues.com\/wp-content\/uploads\/2015\/09\/toni_tugues_urbex_12.jpg', extlink: '', thumb: 'http:\/\/tonitugues.com\/wp-content\/uploads\/2015\/09\/toni_tugues_urbex_12-150x150.jpg', permalink: ''},\n{id: 294, image: 'http:\/\/tonitugues.com\/wp-content\/uploads\/2015\/09\/toni_tugues_urbex_03.jpg', extlink: '', thumb: 'http:\/\/tonitugues.com\/wp-content\/uploads\/2015\/09\/toni_tugues_urbex_03-150x150.jpg', permalink: ''},\n{id: 305, image: 'http:\/\/tonitugues.com\/wp-content\/uploads\/2015\/09\/toni_tugues_urbex_14.jpg', extlink: '', thumb: 'http:\/\/tonitugues.com\/wp-content\/uploads\/2015\/09\/toni_tugues_urbex_14-150x150.jpg', permalink: ''},\n{id: 307, image: 'http:\/\/tonitugues.com\/wp-content\/uploads\/2015\/09\/toni_tugues_urbex_16.jpg', extlink: '', thumb: 'http:\/\/tonitugues.com\/wp-content\/uploads\/2015\/09\/toni_tugues_urbex_16-150x150.jpg', permalink: ''},\n{id: 299, image: 'http:\/\/tonitugues.com\/wp-content\/uploads\/2015\/09\/toni_tugues_urbex_08.jpg', extlink: '', thumb: 'http:\/\/tonitugues.com\/wp-content\/uploads\/2015\/09\/toni_tugues_urbex_08-150x150.jpg', permalink: ''},\n{id: 304, image: 'http:\/\/tonitugues.com\/wp-content\/uploads\/2015\/09\/toni_tugues_urbex_13.jpg', extlink: '', thumb: 'http:\/\/tonitugues.com\/wp-content\/uploads\/2015\/09\/toni_tugues_urbex_13-150x150.jpg', permalink: ''}\n];<\/script>\n<p>Urbex o urban explorer \u00e9s la pr\u00e0ctica de visitar i fotografiar llocs abandonats. Al web <a href=\"http:\/\/www.sensemirar.com\" target=\"_blank\" rel=\"noopener\"><span style=\"color: #000000;\"><strong>sensemirar.com<\/strong><\/span><\/a> podr\u00e0s veure els habitatges dels treballadors d\u2019una presa, una estaci\u00f3 de tren internacional abandonada als pirineus, la casa d\u2019estiueig d\u2019un torero, un restaurant amb unes vistes fant\u00e0stiques, un orfenat de la postguerra, un prost\u00edbul camuflat en hotel de luxe, un cinema en versi\u00f3 original, la casa de la barana, la f\u00e0brica de color blau, una masia t\u00e8xtil, tot un barri que s\u2019enfonsa per moments, una masia naturista reconvertida en quarter militar, un balneari pudent, un pol\u00edgon arrasat, una discoteca amb un avi\u00f3 encastat a la fa\u00e7ana, el que queda d\u2019un complex aqu\u00e0tic dels anys setanta\u2026 .<\/p>\n<div id='gallery-1' class='gallery galleryid-1139 gallery-columns-6 gallery-size-thumbnail'><figure class='gallery-item'>\n\t\t\t<div class='gallery-icon landscape'>\n\t\t\t\t<a data-postid=\"fsg_post_1139\" data-imgid=\"302\" href='http:\/\/tonitugues.com\/wp-content\/uploads\/2015\/09\/toni_tugues_urbex_11.jpg'><img loading=\"lazy\" decoding=\"async\" width=\"150\" height=\"150\" src=\"http:\/\/tonitugues.com\/wp-content\/uploads\/2015\/09\/toni_tugues_urbex_11-150x150.jpg\" class=\"attachment-thumbnail size-thumbnail\" alt=\"\" sizes=\"auto, (max-width: 34.9rem) calc(100vw - 2rem), (max-width: 53rem) calc(8 * (100vw \/ 12)), (min-width: 53rem) calc(6 * (100vw \/ 12)), 100vw\" \/><\/a>\n\t\t\t<\/div><\/figure><figure class='gallery-item'>\n\t\t\t<div class='gallery-icon landscape'>\n\t\t\t\t<a data-postid=\"fsg_post_1139\" data-imgid=\"295\" href='http:\/\/tonitugues.com\/wp-content\/uploads\/2015\/09\/toni_tugues_urbex_04.jpg'><img loading=\"lazy\" decoding=\"async\" width=\"150\" height=\"150\" src=\"http:\/\/tonitugues.com\/wp-content\/uploads\/2015\/09\/toni_tugues_urbex_04-150x150.jpg\" class=\"attachment-thumbnail size-thumbnail\" alt=\"\" sizes=\"auto, (max-width: 34.9rem) calc(100vw - 2rem), (max-width: 53rem) calc(8 * (100vw \/ 12)), (min-width: 53rem) calc(6 * (100vw \/ 12)), 100vw\" \/><\/a>\n\t\t\t<\/div><\/figure><figure class='gallery-item'>\n\t\t\t<div class='gallery-icon landscape'>\n\t\t\t\t<a data-postid=\"fsg_post_1139\" data-imgid=\"297\" href='http:\/\/tonitugues.com\/wp-content\/uploads\/2015\/09\/toni_tugues_urbex_06.jpg'><img loading=\"lazy\" decoding=\"async\" width=\"150\" height=\"150\" src=\"http:\/\/tonitugues.com\/wp-content\/uploads\/2015\/09\/toni_tugues_urbex_06-150x150.jpg\" class=\"attachment-thumbnail size-thumbnail\" alt=\"\" sizes=\"auto, (max-width: 34.9rem) calc(100vw - 2rem), (max-width: 53rem) calc(8 * (100vw \/ 12)), (min-width: 53rem) calc(6 * (100vw \/ 12)), 100vw\" \/><\/a>\n\t\t\t<\/div><\/figure><figure class='gallery-item'>\n\t\t\t<div class='gallery-icon landscape'>\n\t\t\t\t<a data-postid=\"fsg_post_1139\" data-imgid=\"300\" href='http:\/\/tonitugues.com\/wp-content\/uploads\/2015\/09\/toni_tugues_urbex_09.jpg'><img loading=\"lazy\" decoding=\"async\" width=\"150\" height=\"150\" src=\"http:\/\/tonitugues.com\/wp-content\/uploads\/2015\/09\/toni_tugues_urbex_09-150x150.jpg\" class=\"attachment-thumbnail size-thumbnail\" alt=\"\" sizes=\"auto, (max-width: 34.9rem) calc(100vw - 2rem), (max-width: 53rem) calc(8 * (100vw \/ 12)), (min-width: 53rem) calc(6 * (100vw \/ 12)), 100vw\" \/><\/a>\n\t\t\t<\/div><\/figure><figure class='gallery-item'>\n\t\t\t<div class='gallery-icon landscape'>\n\t\t\t\t<a data-postid=\"fsg_post_1139\" data-imgid=\"306\" href='http:\/\/tonitugues.com\/wp-content\/uploads\/2015\/09\/toni_tugues_urbex_15.jpg'><img loading=\"lazy\" decoding=\"async\" width=\"150\" height=\"150\" src=\"http:\/\/tonitugues.com\/wp-content\/uploads\/2015\/09\/toni_tugues_urbex_15-150x150.jpg\" class=\"attachment-thumbnail size-thumbnail\" alt=\"\" sizes=\"auto, (max-width: 34.9rem) calc(100vw - 2rem), (max-width: 53rem) calc(8 * (100vw \/ 12)), (min-width: 53rem) calc(6 * (100vw \/ 12)), 100vw\" \/><\/a>\n\t\t\t<\/div><\/figure><figure class='gallery-item'>\n\t\t\t<div class='gallery-icon landscape'>\n\t\t\t\t<a data-postid=\"fsg_post_1139\" data-imgid=\"293\" href='http:\/\/tonitugues.com\/wp-content\/uploads\/2015\/09\/toni_tugues_urbex_02.jpg'><img loading=\"lazy\" decoding=\"async\" width=\"150\" height=\"150\" src=\"http:\/\/tonitugues.com\/wp-content\/uploads\/2015\/09\/toni_tugues_urbex_02-150x150.jpg\" class=\"attachment-thumbnail size-thumbnail\" alt=\"\" sizes=\"auto, (max-width: 34.9rem) calc(100vw - 2rem), (max-width: 53rem) calc(8 * (100vw \/ 12)), (min-width: 53rem) calc(6 * (100vw \/ 12)), 100vw\" \/><\/a>\n\t\t\t<\/div><\/figure><figure class='gallery-item'>\n\t\t\t<div class='gallery-icon landscape'>\n\t\t\t\t<a data-postid=\"fsg_post_1139\" data-imgid=\"301\" href='http:\/\/tonitugues.com\/wp-content\/uploads\/2015\/09\/toni_tugues_urbex_10.jpg'><img loading=\"lazy\" decoding=\"async\" width=\"150\" height=\"150\" src=\"http:\/\/tonitugues.com\/wp-content\/uploads\/2015\/09\/toni_tugues_urbex_10-150x150.jpg\" class=\"attachment-thumbnail size-thumbnail\" alt=\"\" sizes=\"auto, (max-width: 34.9rem) calc(100vw - 2rem), (max-width: 53rem) calc(8 * (100vw \/ 12)), (min-width: 53rem) calc(6 * (100vw \/ 12)), 100vw\" \/><\/a>\n\t\t\t<\/div><\/figure><figure class='gallery-item'>\n\t\t\t<div class='gallery-icon landscape'>\n\t\t\t\t<a data-postid=\"fsg_post_1139\" data-imgid=\"308\" href='http:\/\/tonitugues.com\/wp-content\/uploads\/2015\/09\/toni_tugues_urbex_17.jpg'><img loading=\"lazy\" decoding=\"async\" width=\"150\" height=\"150\" src=\"http:\/\/tonitugues.com\/wp-content\/uploads\/2015\/09\/toni_tugues_urbex_17-150x150.jpg\" class=\"attachment-thumbnail size-thumbnail\" alt=\"\" sizes=\"auto, (max-width: 34.9rem) calc(100vw - 2rem), (max-width: 53rem) calc(8 * (100vw \/ 12)), (min-width: 53rem) calc(6 * (100vw \/ 12)), 100vw\" \/><\/a>\n\t\t\t<\/div><\/figure><figure class='gallery-item'>\n\t\t\t<div class='gallery-icon landscape'>\n\t\t\t\t<a data-postid=\"fsg_post_1139\" data-imgid=\"298\" href='http:\/\/tonitugues.com\/wp-content\/uploads\/2015\/09\/toni_tugues_urbex_07.jpg'><img loading=\"lazy\" decoding=\"async\" width=\"150\" height=\"150\" src=\"http:\/\/tonitugues.com\/wp-content\/uploads\/2015\/09\/toni_tugues_urbex_07-150x150.jpg\" class=\"attachment-thumbnail size-thumbnail\" alt=\"\" sizes=\"auto, (max-width: 34.9rem) calc(100vw - 2rem), (max-width: 53rem) calc(8 * (100vw \/ 12)), (min-width: 53rem) calc(6 * (100vw \/ 12)), 100vw\" \/><\/a>\n\t\t\t<\/div><\/figure><figure class='gallery-item'>\n\t\t\t<div class='gallery-icon landscape'>\n\t\t\t\t<a data-postid=\"fsg_post_1139\" data-imgid=\"292\" href='http:\/\/tonitugues.com\/wp-content\/uploads\/2015\/09\/toni_tugues_urbex_01.jpg'><img loading=\"lazy\" decoding=\"async\" width=\"150\" height=\"150\" src=\"http:\/\/tonitugues.com\/wp-content\/uploads\/2015\/09\/toni_tugues_urbex_01-150x150.jpg\" class=\"attachment-thumbnail size-thumbnail\" alt=\"\" sizes=\"auto, (max-width: 34.9rem) calc(100vw - 2rem), (max-width: 53rem) calc(8 * (100vw \/ 12)), (min-width: 53rem) calc(6 * (100vw \/ 12)), 100vw\" \/><\/a>\n\t\t\t<\/div><\/figure><figure class='gallery-item'>\n\t\t\t<div class='gallery-icon landscape'>\n\t\t\t\t<a data-postid=\"fsg_post_1139\" data-imgid=\"296\" href='http:\/\/tonitugues.com\/wp-content\/uploads\/2015\/09\/toni_tugues_urbex_05.jpg'><img loading=\"lazy\" decoding=\"async\" width=\"150\" height=\"150\" src=\"http:\/\/tonitugues.com\/wp-content\/uploads\/2015\/09\/toni_tugues_urbex_05-150x150.jpg\" class=\"attachment-thumbnail size-thumbnail\" alt=\"\" sizes=\"auto, (max-width: 34.9rem) calc(100vw - 2rem), (max-width: 53rem) calc(8 * (100vw \/ 12)), (min-width: 53rem) calc(6 * (100vw \/ 12)), 100vw\" \/><\/a>\n\t\t\t<\/div><\/figure><figure class='gallery-item'>\n\t\t\t<div class='gallery-icon landscape'>\n\t\t\t\t<a data-postid=\"fsg_post_1139\" data-imgid=\"303\" href='http:\/\/tonitugues.com\/wp-content\/uploads\/2015\/09\/toni_tugues_urbex_12.jpg'><img loading=\"lazy\" decoding=\"async\" width=\"150\" height=\"150\" src=\"http:\/\/tonitugues.com\/wp-content\/uploads\/2015\/09\/toni_tugues_urbex_12-150x150.jpg\" class=\"attachment-thumbnail size-thumbnail\" alt=\"\" sizes=\"auto, (max-width: 34.9rem) calc(100vw - 2rem), (max-width: 53rem) calc(8 * (100vw \/ 12)), (min-width: 53rem) calc(6 * (100vw \/ 12)), 100vw\" \/><\/a>\n\t\t\t<\/div><\/figure><figure class='gallery-item'>\n\t\t\t<div class='gallery-icon landscape'>\n\t\t\t\t<a data-postid=\"fsg_post_1139\" data-imgid=\"294\" href='http:\/\/tonitugues.com\/wp-content\/uploads\/2015\/09\/toni_tugues_urbex_03.jpg'><img loading=\"lazy\" decoding=\"async\" width=\"150\" height=\"150\" src=\"http:\/\/tonitugues.com\/wp-content\/uploads\/2015\/09\/toni_tugues_urbex_03-150x150.jpg\" class=\"attachment-thumbnail size-thumbnail\" alt=\"\" sizes=\"auto, (max-width: 34.9rem) calc(100vw - 2rem), (max-width: 53rem) calc(8 * (100vw \/ 12)), (min-width: 53rem) calc(6 * (100vw \/ 12)), 100vw\" \/><\/a>\n\t\t\t<\/div><\/figure><figure class='gallery-item'>\n\t\t\t<div class='gallery-icon landscape'>\n\t\t\t\t<a data-postid=\"fsg_post_1139\" data-imgid=\"305\" href='http:\/\/tonitugues.com\/wp-content\/uploads\/2015\/09\/toni_tugues_urbex_14.jpg'><img loading=\"lazy\" decoding=\"async\" width=\"150\" height=\"150\" src=\"http:\/\/tonitugues.com\/wp-content\/uploads\/2015\/09\/toni_tugues_urbex_14-150x150.jpg\" class=\"attachment-thumbnail size-thumbnail\" alt=\"\" sizes=\"auto, (max-width: 34.9rem) calc(100vw - 2rem), (max-width: 53rem) calc(8 * (100vw \/ 12)), (min-width: 53rem) calc(6 * (100vw \/ 12)), 100vw\" \/><\/a>\n\t\t\t<\/div><\/figure><figure class='gallery-item'>\n\t\t\t<div class='gallery-icon landscape'>\n\t\t\t\t<a data-postid=\"fsg_post_1139\" data-imgid=\"307\" href='http:\/\/tonitugues.com\/wp-content\/uploads\/2015\/09\/toni_tugues_urbex_16.jpg'><img loading=\"lazy\" decoding=\"async\" width=\"150\" height=\"150\" src=\"http:\/\/tonitugues.com\/wp-content\/uploads\/2015\/09\/toni_tugues_urbex_16-150x150.jpg\" class=\"attachment-thumbnail size-thumbnail\" alt=\"\" sizes=\"auto, (max-width: 34.9rem) calc(100vw - 2rem), (max-width: 53rem) calc(8 * (100vw \/ 12)), (min-width: 53rem) calc(6 * (100vw \/ 12)), 100vw\" \/><\/a>\n\t\t\t<\/div><\/figure><figure class='gallery-item'>\n\t\t\t<div class='gallery-icon landscape'>\n\t\t\t\t<a data-postid=\"fsg_post_1139\" data-imgid=\"299\" href='http:\/\/tonitugues.com\/wp-content\/uploads\/2015\/09\/toni_tugues_urbex_08.jpg'><img loading=\"lazy\" decoding=\"async\" width=\"150\" height=\"150\" src=\"http:\/\/tonitugues.com\/wp-content\/uploads\/2015\/09\/toni_tugues_urbex_08-150x150.jpg\" class=\"attachment-thumbnail size-thumbnail\" alt=\"\" sizes=\"auto, (max-width: 34.9rem) calc(100vw - 2rem), (max-width: 53rem) calc(8 * (100vw \/ 12)), (min-width: 53rem) calc(6 * (100vw \/ 12)), 100vw\" \/><\/a>\n\t\t\t<\/div><\/figure><figure class='gallery-item'>\n\t\t\t<div class='gallery-icon landscape'>\n\t\t\t\t<a data-postid=\"fsg_post_1139\" data-imgid=\"304\" href='http:\/\/tonitugues.com\/wp-content\/uploads\/2015\/09\/toni_tugues_urbex_13.jpg'><img loading=\"lazy\" decoding=\"async\" width=\"150\" height=\"150\" src=\"http:\/\/tonitugues.com\/wp-content\/uploads\/2015\/09\/toni_tugues_urbex_13-150x150.jpg\" class=\"attachment-thumbnail size-thumbnail\" alt=\"\" sizes=\"auto, (max-width: 34.9rem) calc(100vw - 2rem), (max-width: 53rem) calc(8 * (100vw \/ 12)), (min-width: 53rem) calc(6 * (100vw \/ 12)), 100vw\" \/><\/a>\n\t\t\t<\/div><\/figure>\n\t\t<\/div>\n\n","protected":false},"excerpt":{"rendered":"<p>Urbex o urban explorer \u00e9s la pr\u00e0ctica de visitar i fotografiar llocs abandonats. Al web sensemirar.com podr\u00e0s veure els habitatges dels treballadors d\u2019una presa, una estaci\u00f3 de tren internacional abandonada als pirineus, la casa d\u2019estiueig d\u2019un torero, un restaurant amb unes vistes fant\u00e0stiques, un orfenat de la postguerra, un prost\u00edbul camuflat en hotel de luxe, &hellip; <\/p>\n<p class=\"link-more\"><a href=\"http:\/\/tonitugues.com\/?page_id=1139\" class=\"more-link\">Seguir leyendo<span class=\"screen-reader-text\"> \u00aburbex\u00bb<\/span><\/a><\/p>\n","protected":false},"author":1,"featured_media":0,"parent":0,"menu_order":0,"comment_status":"closed","ping_status":"closed","template":"","meta":{"footnotes":""},"class_list":["post-1139","page","type-page","status-publish","hentry","entry"],"_links":{"self":[{"href":"http:\/\/tonitugues.com\/index.php?rest_route=\/wp\/v2\/pages\/1139","targetHints":{"allow":["GET"]}}],"collection":[{"href":"http:\/\/tonitugues.com\/index.php?rest_route=\/wp\/v2\/pages"}],"about":[{"href":"http:\/\/tonitugues.com\/index.php?rest_route=\/wp\/v2\/types\/page"}],"author":[{"embeddable":true,"href":"http:\/\/tonitugues.com\/index.php?rest_route=\/wp\/v2\/users\/1"}],"replies":[{"embeddable":true,"href":"http:\/\/tonitugues.com\/index.php?rest_route=%2Fwp%2Fv2%2Fcomments&post=1139"}],"version-history":[{"count":4,"href":"http:\/\/tonitugues.com\/index.php?rest_route=\/wp\/v2\/pages\/1139\/revisions"}],"predecessor-version":[{"id":1144,"href":"http:\/\/tonitugues.com\/index.php?rest_route=\/wp\/v2\/pages\/1139\/revisions\/1144"}],"wp:attachment":[{"href":"http:\/\/tonitugues.com\/index.php?rest_route=%2Fwp%2Fv2%2Fmedia&parent=1139"}],"curies":[{"name":"wp","href":"https:\/\/api.w.org\/{rel}","templated":true}]}}